 Let w = s + 263. Is w composite?
False
Let r(w) = 77*w - 4. Let u(t) = t - 1. Let k(a) = -r(a) + 2*u(a). Is k(-17) a prime number?
True
Suppose -74*z + 42035 = -69*z. Is z a composite number?
True
Let w(r) = 2367*r + 17. Is w(2) a prime number?
True
Let c = 37 - 52. Let z be (6/c)/1*185. Is z*(7/2 + -4) a prime number?
True
Let f(z) be the third derivative of 7*z**5/60 + 5*z**3/6 + 2*z**2. Is f(6) composite?
False
Is 8347 + 1 + -21 + 26 prime?
True
Suppose -2*y - 2*y + 6628 = 0. Is y a prime number?
True
Suppose -w = -3*g + 3, -5*g + 5*w + 0*w = -15. Suppose 2*n + 3*z - 1375 = g, -n - 4*z + 7*z + 674 = 0. Is n a prime number?
True
Suppose -46*v + 67102 = -44*v. Is v a composite number?
True
Is 969 - -6*2/(-6) composite?
False
Suppose 3*v + 2*v = -5*q + 440, 244 = 3*v - q. Is v prime?
True
Suppose 0*g + 4*b = -g + 689, 5*g - 3*b = 3422. Is g composite?
True
Let w(b) = -b**2 + 9*b - 1. Let g be w(4). Let s = g - 18. Is 95 - -3 - 3/s prime?
False
Suppose 0 = -71*l + 60*l + 87131. Is l prime?
False
Let w be 83/2*8*12. Let d = 2317 + -899. Suppose -2*i + d = -2*a, -2*a - w = -5*i - 445. Is i a composite number?
True
Let b(l) = 342*l**2 - 23*l + 113. Is b(6) prime?
False
Let d be 4/(-7)*105/(-30). Suppose l + 2466 = 3*l + d*i, -2*l + 2474 = 4*i. Suppose -3*x = -4*a - x + 1662, -3*a + l = 2*x. Is a composite?
True
Let a be 1/4 + 22/8. Suppose i = a*i, 4*w + i = 8. Suppose -w*l + 1224 = 4*g, 0*g + 1238 = 4*g - 5*l. Is g a prime number?
True
Is -1*(-12)/(-18)*-19563 prime?
False
Let f = -23 + 32. Let a(m) = -32 + 15 + m + 4*m - 2*m. Is a(f) a composite number?
True
Suppose 4*h - 348 = -3*r, r - 3*h - 132 = h. Let k = -15 + r. Let p = k + 8. Is p composite?
False
Suppose 2 = -5*c - 8. Let n be 1 + (-12)/(c + -1). Suppose 0*v + 25 = n*v, 3*b + 4*v = 731. Is b a prime number?
False
Let s(m) = -m**3 + 16*m**2 + 2*m - 2. Suppose 3*p - 12 - 14 = -g, -4*p + 36 = 2*g. Is s(p) a prime number?
False
Let p(m) = -59*m**3 + 4*m**2 - 3. Suppose -8*y + 4 = 20. Is p(y) a composite number?
True
Let u(d) = -4*d**2 + 3*d + 94. Let s = 17 + -16. Let x(v) = -v**2 + v - 1. Let k(p) = s*u(p) - 3*x(p). Is k(0) a composite number?
False
Suppose 0 = 3*w + 5*y - 8894, w = -2*w + 4*y + 8885. Is w a prime number?
True
Let d(n) be the third derivative of -n**5/60 - 5*n**4/12 - n**3/6 + n**2. Let u be d(-4). Is u*(-8)/(-7 - -3) a prime number?
False
Let t(n) be the second derivative of 11*n**4/12 + 7*n**3/6 + 13*n**2/2 + 8*n. Is t(-4) composite?
True
Let o be ((-3)/(-2))/(6/8). Suppose o = p - 7. Suppose -3*i + 42 - p = 0. Is i a composite number?
False
Suppose z + 7609 = g + 1740, 29361 = 5*g - z. Is g prime?
False
Suppose 5*h - 5 = 6*h. Let z(j) = 69*j + 11. Let t(w) = 46*w + 7. Let p(o) = h*z(o) + 8*t(o). Is p(6) a composite number?
False
Let b = -390 + 999. Suppose -w + 0*w = 424. Let m = w + b. Is m prime?
False
Suppose 5*q - 2611 = -k, 5*k + 0*k + 3*q = 13143. Is k composite?
True
Let t(n) = -4 + 1 + 23*n + 4 - 6. Is t(8) a prime number?
True
Let l(m) = 6*m**2 - m + 5. Let s(z) = 2*z**2 + 11*z - 2. Let r be s(-6). Let i be l(r). Let x = 49 + i. Is x a composite number?
True
Is -4 + 6*848 - -3 composite?
False
Let y(b) = -11*b**3 + 21*b**2 + 20*b - 83. Is y(-15) a prime number?
True
Let i = 8 - 5. Let z(a) be the third derivative of 31*a**4/24 + 2*a**3/3 + 16*a**2. Is z(i) prime?
True
Let s = -2021 + 3711. Let n = 3171 - s. Is n a prime number?
True
Let d = 7319 + -1962. Is d prime?
False
Let g = -203 + 361. Let n = g - 13. Is n prime?
False
Let l(z) = 20*z - 11 + 2*z - 4*z**3 - 13*z**2 - 4*z. Is l(-8) a composite number?
False
Is 9784 + -1 + (5 - -5) a composite number?
True
Let y be ((-12)/9)/((-65508)/32751 + 2). Suppose 0 = 9*g - 15*g + y. Is g prime?
True
Let v(g) = -2*g + 31. Let u(q) = 2*q - 1. Let f be u(5). Is v(f) a composite number?
False
Let c be (-8)/(-12) + 0 + (-40548)/(-9). Suppose 5*a + c = 5*q - 1254, 0 = 5*q + 4*a - 5751. Is q composite?
False
Let m = 16603 - 9656. Is m a composite number?
False
Let x be (-1)/((12/(-10))/(-6)). Is 0 + (x - -4) - -260 a composite number?
True
Suppose 2*g - 8*g = -186. Suppose 0 = 6*n - 5 + 53. Is g - (n - 4/(-1)) composite?
True
Suppose 33*u - 1937716 - 278663 = 0. Is u composite?
True
Is ((-15)/20)/(9/(-73896)) prime?
False
Suppose -i + 3*w = 0, 0 = 4*i - 7*w + 3*w. Let b(t) = t**2 + 3*t + 181. Let x(y) = -2*y**2 - 5*y - 363. Let j(u) = -11*b(u) - 6*x(u). Is j(i) composite?
True
Let m(v) = -v**3 + 15*v**2 - 9*v - 15. Let o = -5 + 17. Let f be m(o). Suppose -f - 281 = -2*j. Is j a composite number?
True
Suppose 0 = m - 5*y - 114, 3*m - 14*y = -9*y + 352. Is m prime?
False
Let h(t) be the third derivative of t**5/60 - t**4/3 + 5*t**3/6 + t**2. Let i be h(8). Suppose -i*v = 3*q - q - 151, 0 = -2*v - 6. Is q a prime number?
True
Let o(x) = 119*x**2 + x + 1. Let a(z) = -2*z**2 + 35 - z**3 + 2*z**3 - z - 34. Let l be a(2). Is o(l) a composite number?
True
Let s be 4/(-18) + (-158)/18. Let w be s/(-3) + (-3339)/3. Is w/(-4) + (-10)/(-20) a prime number?
False
Is (7214/(-4))/(16/(-32)) prime?
True
Suppose -47 = 3*k - b, 3*k = -k + 5*b - 70. Is -2 - k/2*(-1 + 3) composite?
False
Let c(x) = 5*x**2 + 2. Let b(r) = -r - 5. Let i be b(-10). Is c(i) composite?
False
Let g(d) = 19*d**2 + 228*d + 27. Is g(-32) a prime number?
False
Suppose -3*x + 4 = -17. Suppose 4*k - 5*t = 10074, 3*k + 11*t = x*t + 7571. Is k a prime number?
True
Suppose 5*f = 2*z - 1047, -3*f + 2*z + 35 = 660. Let q = 730 + f. Is q a composite number?
True
Let q be (3 - 0)/((54/156)/9). Suppose 2*i = h + q + 116, 5*i = -h + 485. Is i composite?
False
Let r be (3/(-9))/((-2)/24). Suppose -1762 + 6110 = r*o. Is o composite?
False
Let l be (63/(-28))/((-1)/(-4)). Let m be -3*6/l - -100. Suppose 8 = 5*i - m. Is i a prime number?
False
Let k = 700 - 2514. Let s = k + 2611. Is s a composite number?
False
Suppose 4*i - 257 = -2*n + 3*n, 2*i - 1000 = 4*n. Is 6/2 - (-1 + n) a prime number?
False
Suppose 17388 = 3*l + 3*l. Suppose 8*a - l = 2*a. Let t = 688 - a. Is t a composite number?
True
Let a(f) be the first derivative of f**4/4 - f**3 + 2*f**2 - 9*f + 21. Is a(4) a composite number?
False
Suppose 4*l - 6 - 10 = 0. Let a be (-8)/10*5/(-2). Suppose 2*b - 3 = -a*v + 3, l*b = 4*v + 36. Is b prime?
False
Let q(n) = 693*n - 38. Let i be q(5). Is (2/4)/(4/8)*i a composite number?
True
Let d be -1 - -5 - 2/2. Suppose -2776 = -3*x - 2*x - d*k, -4*x - k + 2225 = 0. Is x a prime number?
True
Let v be ((-2)/(-2))/(2/4). Let s = 202 - 202. Suppose l = s, -3*d + 187 = -v*d + 3*l. Is d a composite number?
True
Let c be (-2)/(-4)*(1 - 1). Suppose c*f + 30 = -3*f. Is 845/7 - f/35 composite?
True
Let j(p) = -p**3 + 5*p**2 - 6*p + 2. Let a be j(4). Let k = 10 + a. Suppose -262 - 46 = -k*u. Is u prime?
False
Is 6/(-8) - (-203225)/44 composite?
True
Suppose 2*m = 3*y - 1499, 0*m + 3*m = 4*y - 2000. Is y prime?
False
Let b(p) be the second derivative of 2/3*p**4 + 5*p + 1/20*p**5 + 0 - 5/6*p**3 - p**2. Is b(-8) a composite number?
True
Let a be 2/(-5) + 140/(-150)*-249. Suppose 2*u = -u - 330. Let b = u + a. Is b composite?
True
Let t(f) = 1325*f - 206. Is t(29) prime?
True
Suppose -5*m = -13*m + 504. Let z = 92 + m. Is z composite?
True
Let g be 1/4 + 18/(-8). Is (-1)/((-1)/(-1))*(g - 3987) a prime number?
True
Let n = -17307 + 25346. Is n a prime number?
True
Let y = -875 - -1349. Let r be (-6)/(-57) + (-31908)/(-114). Let v = y - r. Is v composite?
True
Let u = 995 - -78. Suppose -u = -4*k + 3*q, 5*k + 4*q = 1111 + 238. Is k prime?
True
Let m(d) = -1. Let h(r) be the second derivative of 5*r**3/6 + 4*r**2 - 6*r. Let z(t) = h(t) + 4*m(t). Is z(15) prime?
True
Let f(w) = 2*w + 14. Let r be f(-5). Suppose r*h - 2115 = -287. Is h prime?
True
Let s(u) = 4*u + 10. Let n be s(-9). Let j be n/(-8) - 19/76. Suppose -388 = -7*h + j*h. Is h composite?
False
Let o(h) = 2*h + 13. Let n be o(-4). Let d(s) = 155*s - 6. Is d(n) a composite number?
False
Let d(m) = 11*m**2 - m**2 - 5 - 3*m**2 + 2*m. Let k = -99 - -103. Is d(k) prime?
False
Is ((-8)/16*12 - -21212) + 1 a prime number?
False
Let i(u) = -u + 10. Let t be i(7). Suppose -t*m + 70 = 5*a, m - 2*a - 35 = -2*m. Is m a composite number?
True
Suppose -3*k - 11149 - 277 = -5*a, 5*k = 5*a - 11420. Suppose j - 3*c - 1131 = 0, -2*j + 3*c - 2*c + a = 0. 